= 164. Let f be (p/36)/1 + (-26)/117. Calculate t(f).
-4
Let h(z) be the second derivative of -1/20*z**5 + 129*z - 1/12*z**4 + 0 + 3*z**2 + 1/2*z**3. Give h(0).
6
Let d(s) = -s**3 - 4*s**2 + 2*s + 18. Let n(x) = x**2 + 1. Let r(p) = d(p) - 3*n(p). Let t = -91921 - -91914. Calculate r(t).
1
Suppose 2*v - 23 = -3*w, -4*v - w + 4*w + 37 = 0. Let u(x) = x**3 - 9*x**2 - 17*x + 30. Determine u(v).
-40
Let i(t) = 2*t**2 + 11*t - 39. Let p be 4/(-14)*6930/(-660). Calculate i(p).
12
Let j(h) be the third derivative of 7/40*h**6 + 15*h**2 + 0*h**3 + h + 1/24*h**4 + 0 - 1/60*h**5. Calculate j(1).
21
Suppose 7*c + 0*c + 14 = 0. Let a be -5 - -1 - 20/(-2). Let t(n) = a - 8 + n - 4 + 5. Calculate t(c).
-3
Let s(l) = l**3 - 6*l**2 - 7*l + 1. Let a = -4 + 19. Let f = -1363 - -1355. Let o = f + a. Determine s(o).
1
Let r(c) = -692944*c + 2 + 4*c**3 + 3*c**2 - 3*c**3 + 692947*c. What is r(-3)?
-7
Suppose 0 = 84*g - 70*g - 28. Let t(y) = -2*y**2 + 21 + 23 + 23*y - y**2 - y**g + 5*y**2. Give t(-21).
2
Let g(t) = 10*t + 72. Let a(n) = n - 26. Let b be a(18). What is g(b)?
-8
Let d(a) = -a - 1. Let p(h) = 13*h**3 - h**2 + h + 2. Let z be p(-1). Let x = z - -13. Let g be (-24)/(-96)*(12 - x). Give d(g).
-4
Let f(x) = -x**2 + 4*x - 4. Let z(r) = -7*r + 28. Let o be z(4). Suppose o = 2*t + 111 - 171. Suppose -a + t = 9*a. Give f(a).
-1
Let g(x) = x + 1. Let n(s) = -s**2 - 7*s + 2. Let k(u) = -g(u) - n(u). Suppose -3*z = a + a, 0 = -2*z - 4*a + 8. Let q = -9 - z. Calculate k(q).
4
Let n = 188 + -181. Suppose n*t - 209 = -202. Let w(u) = u**2. What is w(t)?
1
Let g(t) = 2*t**2 + 23 - 72 + 54 - 4*t**2 + 2*t. Give g(4).
-19
Let j = -6 - -7. Let i(r) = -7*r**3 + 547398 - 1094792 + 547394. What is i(j)?
-7
Let k(a) be the third derivative of -8*a**2 + 1/60*a**5 - 1/3*a**4 - 1/3*a**3 + 0*a + 9. Give k(8).
-2
Let y be 2*(9/(-18))/(3/9). Let p(v) = -v + 6. Determine p(y).
9
Let j be (-11)/4 + 1/(-4). Let h(b) be the third derivative of 0 + 4*b**2 + 0*b - 1/8*b**4 + 1/2*b**3. Calculate h(j).
12
Suppose 155*g - 1819 = 351. Let w(l) = l**3 - 15*l**2 + 17*l - 18. Determine w(g).
24
Let v(o) = o**3 + o - 20. Suppose 4*f = -7*f + 1034. Let y = -94 + f. Determine v(y).
-20
Suppose -p + 10 = -3*p. Let c(w) be the second derivative of 3*w**2 - 1/3*w**3 - 1/12*w**4 + 0 - 25*w. What is c(p)?
-9
Suppose -i + 3*v = 10, v - 1 = 1. Let m be (-5 - -2)*i*2/24. Let u(l) = -293*l**2 - 7 + 9*l + 294*l**2 - m. Give u(-9).
-8
Let a(l) = -11*l**2 + 2*l - 510. Let s(m) = -m**2 + m - 170. Let h(n) = a(n) - 3*s(n). Suppose -1 + 2 = -i. Calculate h(i).
-7
Let f(z) = 2*z**3 + 6*z**2 + z - 7. Suppose 0 = 5*a - 2*k - 4 + 1, -2*a - 2*k = 10. Let t(u) = -u**3 - 3*u + 1. Let v(j) = a*t(j) - f(j). Determine v(-6).
-6
Let w be (152/10 - 16) + 6/(-5). Let m(y) = 0*y**2 - y**2 - 7*y - 5 + 0*y**2. Give m(w).
5
Suppose 0 = -2*z, 0 = y - 4*z + 8*z - 5. Let l(d) be the second derivative of 0 - 1/3*d**3 + 5*d + 3/2*d**2. Give l(y).
-7
Let i(n) = -n**2 - 9*n + 36. Let w = -3225 - -3212. Determine i(w).
-16
Let q(v) = 3*v - 24. Let f be q(14). Suppose 0 = 4*p + 3*a + 33, -f*a + 21*a - 3 = 2*p. Let r(y) = 7 + 6*y + y**2 + 2*y**2 - 2*y**2. Give r(p).
7
Let t = -774258 + 774254. Let z(u) = 5*u**3 - 10*u**2 + 5*u + 8. Let m(r) = 4*r**3 + 7 - 6*r**2 + 0*r**2 + 5*r - 3*r**2. Let s(j) = -6*m(j) + 5*z(j). Give s(t).
18
Let i(w) = 355*w**3 - 6 - 354*w**3 + 1 + 18*w**2 + 45*w. Let c be i(-15). Let h(r) be the first derivative of -r**3/3 - 7*r**2/2 - 2*r + 4. What is h(c)?
8
Suppose 92*u - 34*u - 58 = 0. Let d(g) = -60*g - 7. Determine d(u).
-67
Let y(c) = 3*c**2 + 29*c - 5. Suppose -2*w = -2*s + 24, -18*w + 5*s - 50 = -14*w. What is y(w)?
5
Let m be 1740/75 - (-8)/10. Let f be ((-2)/(-8))/((-4)/m)*-4. Let x(n) = -7 + 158*n + n**3 - 149*n + 0*n**3 - 8*n**2. Calculate x(f).
-25
Let v(q) be the second derivative of 20*q**3/3 + 2*q**2 - 2583*q - 3. What is v(-2)?
-76
Let y(z) = 2*z**2 - 7*z - 41. Suppose -385*h + 2982 = 41*h. Give y(h).
8
Suppose -725*i + 330 + 68 = -327. Let c(w) = 1 - 5 - 7*w**2 + 5 + 0*w**2. Determine c(i).
-6
Let o(d) = -5*d**3 - 2*d + 2. Let z be ((-106)/(-6) + 2)/(1/21). Let j = z - 412. What is o(j)?
-5
Suppose 3*s + 6 = 4*b - 16, -2*b - 3*s + 2 = 0. Let g(d) = 1 + 0 - 8*d + 1 - 6*d**2 - d**3 - b. What is g(-3)?
-5
Let j(w) = 0 - 11*w**2 + w**3 - 7*w + 4*w**3 + 2. Let y(k) = -9*k**3 + 21*k**2 + 14*k - 4. Let p(g) = -7*j(g) - 4*y(g). Let s = 13070 - 13062. Give p(s).
10
Let q(b) be the first derivative of b**4/4 - b**3 - 2*b**2 - 5*b - 1824. Determine q(5).
25
Suppose -4*h + 6 = -0*h + 2*c, 2*c = 4*h - 10. Let q(m) = m**3 + m**2 + 8*m + 6. Let z be q(0). Let l(x) = z*x - 14*x**2 + 7*x**2 + 6*x**h - 6. What is l(4)?
2
Let g(h) = 24*h - 190. Let f be g(8). Let y(p) = 7*p**2 + 5*p - f*p - 6*p**2 + 3*p + 3*p - 6. Let d = -16 + 10. Calculate y(d).
-24
Suppose -4*y + 4*u = -1 - 7, u = -5*y + 10. Suppose 7*a = y*a + 10. Suppose -d = -3*d - a*i + 6, -5*i = -d + 3. Let m(x) = -x**3 + 5*x**2 - x - 2. What is m(d)?
13
Suppose -2*d = 4*d - 288. Let m be (2*3)/(d/32). Suppose 2 + 10 = m*l. Let t(v) = -v**3 + 3*v**2 - v - 1. Determine t(l).
-4
Let j(a) = -10*a**2 + 25 + 94*a**3 + 13*a - 3*a - 35*a - 93*a**3. What is j(12)?
13
Suppose -4*p = -n - 21, 2 = n + 4*p - 9. Let k(r) = -2*r**2 - 2*r - 10. Let l(y) = 3*y**2 + 2*y + 19. Let s(g) = -5*k(g) - 3*l(g). What is s(n)?
-2
Let u(l) = -l + 16. Let h = -400 - -392. Let i be 0/(4/5*20/h). Calculate u(i).
16
Let s = -474 + 727. Let d = -248 + s. Let q(b) = -2*b**2 + 9*b - 2. What is q(d)?
-7
Let b be (0 + 5)/1 + -28. Let k = 17 + b. Let w(u) = -3 - 8*u**2 - 6*u + u**2 + 5*u**2 + u**2. What is w(k)?
-3
Let p(c) = -7 + 6 + 4 - 4*c. Let s(g) = -2*g**3 - 4*g**2 + 5*g - 2. Let n be s(-4). Let v = 46 - n. Give p(v).
-13
Let q(b) = 3*b**2 + 47*b - 17. Let n be q(-16). Let f(x) = -28*x - 19. Give f(n).
9
Let d(l) = 3 + 14 + 46*l - 63*l + 1. Determine d(3).
-33
Suppose 97*m + 416 = -457. Let h(t) = 6*t + 40. Give h(m).
-14
Let p(h) = -h**2 + 23*h + 101. Suppose -4*y + 52*y + 142 + 50 = 0. Calculate p(y).
-7
Let y(o) = 21*o + 1. Let p(d) = 28*d - 1. Let k(h) = p(h) - y(h). Determine k(-2).
-16
Let n(q) = 207*q. Let a(p) = 59*p. Let f(r) = 18*a(r) - 5*n(r). Suppose 231 = 15*i + 156. Suppose 0 = 2*s - 4*c + 2, -c - 3*c = 5*s + i. Calculate f(s).
-27
Let x(u) be the first derivative of -u**4 - u**3/3 + 2*u**2 + 4*u + 885. What is x(-2)?
24
Let w(u) = 2*u**2 - u - 19. Let h(q) = 2*q**2 - 5 - 12 + 697*q - 699*q. Let y(f) = -4*h(f) + 3*w(f). Determine y(5).
-14
Suppose 3*d - 33 = -158*j + 160*j, 4*j = -3*d - 3. Let s(g) = -6*g**2 + 36*g + 22. Give s(d).
-20
Let d be (-2)/5*-5*4. Let p(u) be the second derivative of -u**5/20 + 7*u**4/12 + 3*u**3/2 - 5*u**2 - 409*u. Determine p(d).
-2
Let t(c) be the third derivative of 11*c**4/12 + 89*c**3/6 + 1278*c**2 - 4. Determine t(-4).
1
Let c(w) = -w**3 - 5*w**2 + 5*w + 9. Let f be 5/((13/26)/(6/(-12))). What is c(f)?
-16
Let p(o) = 2*o + 7. Let x = 13 - 7. Let z(c) = 2*c + 6. Let y(l) = x*z(l) - 5*p(l). Let n(v) = v**3 - 109*v**2 + 207*v + 745. Let j be n(107). What is y(j)?
-7
Let k(j) = -1297183*j - 13*j**2 + 46 + 0 + 1297192*j + j**3. What is k(12)?
10
Let u be -74 - -80 - ((-23)/(-1) + (5 - 5)). Let y(d) = -7*d - 114. What is y(u)?
5
Let y(g) = 2*g**2 - 6*g. Suppose 0*h + 2868 = 6*h. Let b = h + -474. Determine y(b).
8
Let q(s) = 135*s - 14. Let i(k) = 231*k - 28. Let y(o) = -4*i(o) + 7*q(o). Give y(-1).
-7
Suppose 4*w - 72 = 13*w. Let v(g) be the third derivative of 0 + 3/8*g**4 + 1/60*g**5 + 0*g - 12*g**2 + 7/6*g**3. Calculate v(w).
-1
Let t(p) = 201 + 223 - 105 - 52 + 51*p. Give t(-5).
12
Let t(v) = -2*v**2 + 7*v + 2. Let d be (-195)/(-78)*2*(-46)/5. Suppose -5*f + 4*j = -239, 2*f + 3*j = -2*f + 216. Let b = f + d. What is t(b)?
-13
Let f(c) = 4*c**2 + 3*c. Let b(s) be the third derivative of -s**4/24 - 5*s**3/6 - 9*s**2. Let n = 10 - 13. Let z be b(n). Determine f(z).
10
Let h(m) = -m**2 - m - 11. Let q(x) = 5 + 3*x**3 + 11*x - 4*x**2 - x**3 - 15 - 17*x**2. Let y be q(10). Suppose -23*n + 22*n = y. Determine h(n).
-11
Let v = -8 + 11. Let o be 91/65 + v/5. Suppose -3*d - o*a + 11 = 0, -2*d - 2*a + 3*a + 12 = 0. Let b(u) = -u**3 + 6*u**2 - 7*u + 4. Give b(d).
-6
Suppose -243 = -22*n - 34*n + 373. Let o(v) = -3*v + v**3 + 15*v + 17 - 6 - 12*v**2